{"id":75,"date":"2023-11-02T07:22:09","date_gmt":"2023-11-02T06:22:09","guid":{"rendered":"https:\/\/stellasidi.com.ar\/nuevo\/?page_id=75"},"modified":"2023-11-17T04:22:41","modified_gmt":"2023-11-17T03:22:41","slug":"exposiciones","status":"publish","type":"page","link":"https:\/\/stellasidi.com.ar\/index.php\/exposiciones\/","title":{"rendered":"exposiciones"},"content":{"rendered":"\t\t<div data-elementor-type=\"wp-page\" data-elementor-id=\"75\" class=\"elementor elementor-75\" data-elementor-post-type=\"page\">\n\t\t\t\t<div class=\"elementor-element elementor-element-3786e6f e-con-full e-flex e-con e-parent\" data-id=\"3786e6f\" data-element_type=\"container\" data-e-type=\"container\">\n\t\t\t\t<div class=\"elementor-element elementor-element-7bec6af elementor-widget elementor-widget-spacer\" data-id=\"7bec6af\" data-element_type=\"widget\" data-e-type=\"widget\" data-widget_type=\"spacer.default\">\n\t\t\t\t<div class=\"elementor-widget-container\">\n\t\t\t\t\t\t\t<div class=\"elementor-spacer\">\n\t\t\t<div class=\"elementor-spacer-inner\"><\/div>\n\t\t<\/div>\n\t\t\t\t\t\t<\/div>\n\t\t\t\t<\/div>\n\t\t\t\t<div class=\"elementor-element elementor-element-899d213 elementor-widget elementor-widget-text-editor\" data-id=\"899d213\" data-element_type=\"widget\" data-e-type=\"widget\" data-widget_type=\"text-editor.default\">\n\t\t\t\t<div class=\"elementor-widget-container\">\n\t\t\t\t\t\t\t\t\t<p>algunas de las \u00faltimas muestras<\/p>\t\t\t\t\t\t\t\t<\/div>\n\t\t\t\t<\/div>\n\t\t\t\t<\/div>\n\t\t<div class=\"elementor-element elementor-element-e3df8ca e-con-full e-flex e-con e-parent\" data-id=\"e3df8ca\" data-element_type=\"container\" data-e-type=\"container\">\n\t\t<div class=\"elementor-element elementor-element-03c65dc e-con-full e-flex e-con e-child\" data-id=\"03c65dc\" data-element_type=\"container\" data-e-type=\"container\">\n\t\t\t\t<div class=\"elementor-element elementor-element-6185ce9 elementor-widget elementor-widget-image\" data-id=\"6185ce9\" data-element_type=\"widget\" data-e-type=\"widget\" data-widget_type=\"image.default\">\n\t\t\t\t<div class=\"elementor-widget-container\">\n\t\t\t\t\t\t\t\t\t\t\t\t\t\t\t<img fetchpriority=\"high\" decoding=\"async\" width=\"1024\" height=\"726\" src=\"https:\/\/stellasidi.com.ar\/wp-content\/uploads\/2023\/11\/20231116_172459-1024x726.jpg\" class=\"attachment-large size-large wp-image-733\" alt=\"\" srcset=\"https:\/\/stellasidi.com.ar\/wp-content\/uploads\/2023\/11\/20231116_172459-1024x726.jpg 1024w, https:\/\/stellasidi.com.ar\/wp-content\/uploads\/2023\/11\/20231116_172459-300x213.jpg 300w, https:\/\/stellasidi.com.ar\/wp-content\/uploads\/2023\/11\/20231116_172459-768x544.jpg 768w, https:\/\/stellasidi.com.ar\/wp-content\/uploads\/2023\/11\/20231116_172459-1536x1088.jpg 1536w, https:\/\/stellasidi.com.ar\/wp-content\/uploads\/2023\/11\/20231116_172459.jpg 2000w\" sizes=\"(max-width: 1024px) 100vw, 1024px\" \/>\t\t\t\t\t\t\t\t\t\t\t\t\t\t\t<\/div>\n\t\t\t\t<\/div>\n\t\t\t\t<\/div>\n\t\t<div class=\"elementor-element elementor-element-ffc8c63 e-con-full e-flex e-con e-child\" data-id=\"ffc8c63\" data-element_type=\"container\" data-e-type=\"container\">\n\t\t\t\t<div class=\"elementor-element elementor-element-a1b318a elementor-widget elementor-widget-image\" data-id=\"a1b318a\" data-element_type=\"widget\" data-e-type=\"widget\" data-widget_type=\"image.default\">\n\t\t\t\t<div class=\"elementor-widget-container\">\n\t\t\t\t\t\t\t\t\t\t\t\t\t\t\t<img decoding=\"async\" width=\"913\" height=\"913\" src=\"https:\/\/stellasidi.com.ar\/wp-content\/uploads\/2023\/11\/archimboldo.jpg\" class=\"attachment-large size-large wp-image-734\" alt=\"\" srcset=\"https:\/\/stellasidi.com.ar\/wp-content\/uploads\/2023\/11\/archimboldo.jpg 913w, https:\/\/stellasidi.com.ar\/wp-content\/uploads\/2023\/11\/archimboldo-300x300.jpg 300w, https:\/\/stellasidi.com.ar\/wp-content\/uploads\/2023\/11\/archimboldo-150x150.jpg 150w, https:\/\/stellasidi.com.ar\/wp-content\/uploads\/2023\/11\/archimboldo-768x768.jpg 768w\" sizes=\"(max-width: 913px) 100vw, 913px\" \/>\t\t\t\t\t\t\t\t\t\t\t\t\t\t\t<\/div>\n\t\t\t\t<\/div>\n\t\t\t\t<\/div>\n\t\t\t\t<\/div>\n\t\t<div class=\"elementor-element elementor-element-3ff4260 e-con-full e-flex e-con e-parent\" data-id=\"3ff4260\" data-element_type=\"container\" data-e-type=\"container\">\n\t\t<div class=\"elementor-element elementor-element-6fe7915 e-con-full e-flex e-con e-child\" data-id=\"6fe7915\" data-element_type=\"container\" data-e-type=\"container\">\n\t\t\t\t<div class=\"elementor-element elementor-element-bffeeb0 elementor-widget elementor-widget-spacer\" data-id=\"bffeeb0\" data-element_type=\"widget\" data-e-type=\"widget\" data-widget_type=\"spacer.default\">\n\t\t\t\t<div class=\"elementor-widget-container\">\n\t\t\t\t\t\t\t<div class=\"elementor-spacer\">\n\t\t\t<div class=\"elementor-spacer-inner\"><\/div>\n\t\t<\/div>\n\t\t\t\t\t\t<\/div>\n\t\t\t\t<\/div>\n\t\t\t\t<div class=\"elementor-element elementor-element-d28e549 elementor-widget elementor-widget-image\" data-id=\"d28e549\" data-element_type=\"widget\" data-e-type=\"widget\" data-widget_type=\"image.default\">\n\t\t\t\t<div class=\"elementor-widget-container\">\n\t\t\t\t\t\t\t\t\t\t\t\t<figure class=\"wp-caption\">\n\t\t\t\t\t\t\t\t\t\t\t<a href=\"https:\/\/stellasidi.com.ar\/catalogo\" target=\"_blank\">\n\t\t\t\t\t\t\t<img decoding=\"async\" width=\"720\" height=\"480\" src=\"https:\/\/stellasidi.com.ar\/wp-content\/uploads\/2023\/11\/sidi.webp\" class=\"attachment-large size-large wp-image-688\" alt=\"\" srcset=\"https:\/\/stellasidi.com.ar\/wp-content\/uploads\/2023\/11\/sidi.webp 720w, https:\/\/stellasidi.com.ar\/wp-content\/uploads\/2023\/11\/sidi-300x200.webp 300w\" sizes=\"(max-width: 720px) 100vw, 720px\" \/>\t\t\t\t\t\t\t\t<\/a>\n\t\t\t\t\t\t\t\t\t\t\t<figcaption class=\"widget-image-caption wp-caption-text\">CAT\u00c1LOGO ON LINE<\/figcaption>\n\t\t\t\t\t\t\t\t\t\t<\/figure>\n\t\t\t\t\t\t\t\t\t<\/div>\n\t\t\t\t<\/div>\n\t\t\t\t<\/div>\n\t\t<div class=\"elementor-element elementor-element-6ba9b27 e-con-full e-flex e-con e-child\" data-id=\"6ba9b27\" data-element_type=\"container\" data-e-type=\"container\">\n\t\t\t\t<div class=\"elementor-element elementor-element-37a3c83 elementor-widget elementor-widget-spacer\" data-id=\"37a3c83\" data-element_type=\"widget\" data-e-type=\"widget\" data-widget_type=\"spacer.default\">\n\t\t\t\t<div class=\"elementor-widget-container\">\n\t\t\t\t\t\t\t<div class=\"elementor-spacer\">\n\t\t\t<div class=\"elementor-spacer-inner\"><\/div>\n\t\t<\/div>\n\t\t\t\t\t\t<\/div>\n\t\t\t\t<\/div>\n\t\t\t\t<div class=\"elementor-element elementor-element-a1976b6 elementor-widget elementor-widget-text-editor\" data-id=\"a1976b6\" data-element_type=\"widget\" data-e-type=\"widget\" data-widget_type=\"text-editor.default\">\n\t\t\t\t<div class=\"elementor-widget-container\">\n\t\t\t\t\t\t\t\t\t<p><strong>V Mini Print Internacional Cantabria 2022<\/strong><\/p>\t\t\t\t\t\t\t\t<\/div>\n\t\t\t\t<\/div>\n\t\t\t\t<div class=\"elementor-element elementor-element-e09c41c elementor-widget elementor-widget-image\" data-id=\"e09c41c\" data-element_type=\"widget\" data-e-type=\"widget\" data-widget_type=\"image.default\">\n\t\t\t\t<div class=\"elementor-widget-container\">\n\t\t\t\t\t\t\t\t\t\t\t\t\t\t\t<img decoding=\"async\" src=\"https:\/\/stellasidi.com.ar\/wp-content\/uploads\/elementor\/thumbs\/WhatsApp-Image-2022-09-12-at-11.46.41-copia-qffge4bkt7lbcr184mt0nnoccyavt2bic3xzwdr6vc.webp\" title=\"WhatsApp-Image-2022-09-12-at-11.46.41-copia\" alt=\"WhatsApp-Image-2022-09-12-at-11.46.41-copia\" loading=\"lazy\" \/>\t\t\t\t\t\t\t\t\t\t\t\t\t\t\t<\/div>\n\t\t\t\t<\/div>\n\t\t\t\t<div class=\"elementor-element elementor-element-1780d78 elementor-widget elementor-widget-spacer\" data-id=\"1780d78\" data-element_type=\"widget\" data-e-type=\"widget\" data-widget_type=\"spacer.default\">\n\t\t\t\t<div class=\"elementor-widget-container\">\n\t\t\t\t\t\t\t<div class=\"elementor-spacer\">\n\t\t\t<div class=\"elementor-spacer-inner\"><\/div>\n\t\t<\/div>\n\t\t\t\t\t\t<\/div>\n\t\t\t\t<\/div>\n\t\t\t\t<div class=\"elementor-element elementor-element-f8d31f7 elementor-widget elementor-widget-spacer\" data-id=\"f8d31f7\" data-element_type=\"widget\" data-e-type=\"widget\" data-widget_type=\"spacer.default\">\n\t\t\t\t<div class=\"elementor-widget-container\">\n\t\t\t\t\t\t\t<div class=\"elementor-spacer\">\n\t\t\t<div class=\"elementor-spacer-inner\"><\/div>\n\t\t<\/div>\n\t\t\t\t\t\t<\/div>\n\t\t\t\t<\/div>\n\t\t\t\t<\/div>\n\t\t\t\t<\/div>\n\t\t<div class=\"elementor-element elementor-element-6cc805f e-con-full e-flex e-con e-parent\" data-id=\"6cc805f\" data-element_type=\"container\" data-e-type=\"container\">\n\t\t<div class=\"elementor-element elementor-element-468f94f e-con-full e-flex e-con e-child\" data-id=\"468f94f\" data-element_type=\"container\" data-e-type=\"container\">\n\t\t\t\t<div class=\"elementor-element elementor-element-730b7d9 elementor-widget elementor-widget-image\" data-id=\"730b7d9\" data-element_type=\"widget\" data-e-type=\"widget\" data-widget_type=\"image.default\">\n\t\t\t\t<div class=\"elementor-widget-container\">\n\t\t\t\t\t\t\t\t\t\t\t\t\t\t\t<img loading=\"lazy\" decoding=\"async\" width=\"1024\" height=\"947\" src=\"https:\/\/stellasidi.com.ar\/wp-content\/uploads\/2023\/11\/flyer-muestra-palermo-H_1200-1024x947-1.webp\" class=\"attachment-large size-large wp-image-717\" alt=\"\" srcset=\"https:\/\/stellasidi.com.ar\/wp-content\/uploads\/2023\/11\/flyer-muestra-palermo-H_1200-1024x947-1.webp 1024w, https:\/\/stellasidi.com.ar\/wp-content\/uploads\/2023\/11\/flyer-muestra-palermo-H_1200-1024x947-1-300x277.webp 300w, https:\/\/stellasidi.com.ar\/wp-content\/uploads\/2023\/11\/flyer-muestra-palermo-H_1200-1024x947-1-768x710.webp 768w\" sizes=\"(max-width: 1024px) 100vw, 1024px\" \/>\t\t\t\t\t\t\t\t\t\t\t\t\t\t\t<\/div>\n\t\t\t\t<\/div>\n\t\t\t\t<\/div>\n\t\t<div class=\"elementor-element elementor-element-2bd6640 e-con-full e-flex e-con e-child\" data-id=\"2bd6640\" data-element_type=\"container\" data-e-type=\"container\">\n\t\t\t\t<div class=\"elementor-element elementor-element-07652f4 elementor-widget elementor-widget-image\" data-id=\"07652f4\" data-element_type=\"widget\" data-e-type=\"widget\" data-widget_type=\"image.default\">\n\t\t\t\t<div class=\"elementor-widget-container\">\n\t\t\t\t\t\t\t\t\t\t\t\t\t\t\t<img loading=\"lazy\" decoding=\"async\" width=\"640\" height=\"880\" src=\"https:\/\/stellasidi.com.ar\/wp-content\/uploads\/2023\/11\/thumbnail_flyer-surrealismo-arcimboldo-copia.webp\" class=\"attachment-large size-large wp-image-718\" alt=\"\" srcset=\"https:\/\/stellasidi.com.ar\/wp-content\/uploads\/2023\/11\/thumbnail_flyer-surrealismo-arcimboldo-copia.webp 640w, https:\/\/stellasidi.com.ar\/wp-content\/uploads\/2023\/11\/thumbnail_flyer-surrealismo-arcimboldo-copia-218x300.webp 218w\" sizes=\"(max-width: 640px) 100vw, 640px\" \/>\t\t\t\t\t\t\t\t\t\t\t\t\t\t\t<\/div>\n\t\t\t\t<\/div>\n\t\t\t\t<\/div>\n\t\t\t\t<\/div>\n\t\t<div class=\"elementor-element elementor-element-74569d7 e-flex e-con-boxed e-con e-parent\" data-id=\"74569d7\" data-element_type=\"container\" data-e-type=\"container\">\n\t\t\t\t\t<div class=\"e-con-inner\">\n\t\t\t\t<div class=\"elementor-element elementor-element-5ecc477 elementor-widget elementor-widget-spacer\" data-id=\"5ecc477\" data-element_type=\"widget\" data-e-type=\"widget\" data-widget_type=\"spacer.default\">\n\t\t\t\t<div class=\"elementor-widget-container\">\n\t\t\t\t\t\t\t<div class=\"elementor-spacer\">\n\t\t\t<div class=\"elementor-spacer-inner\"><\/div>\n\t\t<\/div>\n\t\t\t\t\t\t<\/div>\n\t\t\t\t<\/div>\n\t\t\t\t<div class=\"elementor-element elementor-element-4a9a04d elementor-widget elementor-widget-gallery\" data-id=\"4a9a04d\" data-element_type=\"widget\" data-e-type=\"widget\" data-settings=\"{&quot;gallery_layout&quot;:&quot;masonry&quot;,&quot;columns&quot;:3,&quot;lazyload&quot;:&quot;yes&quot;,&quot;columns_tablet&quot;:2,&quot;columns_mobile&quot;:1,&quot;gap&quot;:{&quot;unit&quot;:&quot;px&quot;,&quot;size&quot;:10,&quot;sizes&quot;:[]},&quot;gap_tablet&quot;:{&quot;unit&quot;:&quot;px&quot;,&quot;size&quot;:10,&quot;sizes&quot;:[]},&quot;gap_mobile&quot;:{&quot;unit&quot;:&quot;px&quot;,&quot;size&quot;:10,&quot;sizes&quot;:[]},&quot;link_to&quot;:&quot;file&quot;,&quot;overlay_background&quot;:&quot;yes&quot;,&quot;content_hover_animation&quot;:&quot;fade-in&quot;}\" data-widget_type=\"gallery.default\">\n\t\t\t\t<div class=\"elementor-widget-container\">\n\t\t\t\t\t\t\t<div class=\"elementor-gallery__container\">\n\t\t\t\t\t\t\t<a class=\"e-gallery-item elementor-gallery-item elementor-animated-content\" href=\"https:\/\/stellasidi.com.ar\/wp-content\/uploads\/2023\/11\/piel-de-papel.webp\" data-elementor-open-lightbox=\"yes\" data-elementor-lightbox-slideshow=\"4a9a04d\" data-elementor-lightbox-title=\"piel-de-papel\" data-e-action-hash=\"#elementor-action%3Aaction%3Dlightbox%26settings%3DeyJpZCI6NzIwLCJ1cmwiOiJodHRwczpcL1wvc3RlbGxhc2lkaS5jb20uYXJcL3dwLWNvbnRlbnRcL3VwbG9hZHNcLzIwMjNcLzExXC9waWVsLWRlLXBhcGVsLndlYnAiLCJzbGlkZXNob3ciOiI0YTlhMDRkIn0%3D\">\n\t\t\t\t\t<div class=\"e-gallery-image elementor-gallery-item__image\" data-thumbnail=\"https:\/\/stellasidi.com.ar\/wp-content\/uploads\/2023\/11\/piel-de-papel.webp\" data-width=\"1200\" data-height=\"794\" aria-label=\"\" role=\"img\" ><\/div>\n\t\t\t\t\t\t\t\t\t\t\t<div class=\"elementor-gallery-item__overlay\"><\/div>\n\t\t\t\t\t\t\t\t\t\t\t\t\t\t<\/a>\n\t\t\t\t\t\t\t<a class=\"e-gallery-item elementor-gallery-item elementor-animated-content\" href=\"https:\/\/stellasidi.com.ar\/wp-content\/uploads\/2023\/11\/IMG_20170520_172250875.webp\" data-elementor-open-lightbox=\"yes\" data-elementor-lightbox-slideshow=\"4a9a04d\" data-elementor-lightbox-title=\"IMG_20170520_172250875\" data-e-action-hash=\"#elementor-action%3Aaction%3Dlightbox%26settings%3DeyJpZCI6NzE5LCJ1cmwiOiJodHRwczpcL1wvc3RlbGxhc2lkaS5jb20uYXJcL3dwLWNvbnRlbnRcL3VwbG9hZHNcLzIwMjNcLzExXC9JTUdfMjAxNzA1MjBfMTcyMjUwODc1LndlYnAiLCJzbGlkZXNob3ciOiI0YTlhMDRkIn0%3D\">\n\t\t\t\t\t<div class=\"e-gallery-image elementor-gallery-item__image\" data-thumbnail=\"https:\/\/stellasidi.com.ar\/wp-content\/uploads\/2023\/11\/IMG_20170520_172250875.webp\" data-width=\"675\" data-height=\"1200\" aria-label=\"\" role=\"img\" ><\/div>\n\t\t\t\t\t\t\t\t\t\t\t<div class=\"elementor-gallery-item__overlay\"><\/div>\n\t\t\t\t\t\t\t\t\t\t\t\t\t\t<\/a>\n\t\t\t\t\t\t\t<a class=\"e-gallery-item elementor-gallery-item elementor-animated-content\" href=\"https:\/\/stellasidi.com.ar\/wp-content\/uploads\/2023\/11\/vestido.webp\" data-elementor-open-lightbox=\"yes\" data-elementor-lightbox-slideshow=\"4a9a04d\" data-elementor-lightbox-title=\"vestido\" data-e-action-hash=\"#elementor-action%3Aaction%3Dlightbox%26settings%3DeyJpZCI6NzIxLCJ1cmwiOiJodHRwczpcL1wvc3RlbGxhc2lkaS5jb20uYXJcL3dwLWNvbnRlbnRcL3VwbG9hZHNcLzIwMjNcLzExXC92ZXN0aWRvLndlYnAiLCJzbGlkZXNob3ciOiI0YTlhMDRkIn0%3D\">\n\t\t\t\t\t<div class=\"e-gallery-image elementor-gallery-item__image\" data-thumbnail=\"https:\/\/stellasidi.com.ar\/wp-content\/uploads\/2023\/11\/vestido.webp\" data-width=\"563\" data-height=\"1000\" aria-label=\"\" role=\"img\" ><\/div>\n\t\t\t\t\t\t\t\t\t\t\t<div class=\"elementor-gallery-item__overlay\"><\/div>\n\t\t\t\t\t\t\t\t\t\t\t\t\t\t<\/a>\n\t\t\t\t\t\t\t<a class=\"e-gallery-item elementor-gallery-item elementor-animated-content\" href=\"https:\/\/stellasidi.com.ar\/wp-content\/uploads\/2023\/11\/vestido-2.webp\" data-elementor-open-lightbox=\"yes\" data-elementor-lightbox-slideshow=\"4a9a04d\" data-elementor-lightbox-title=\"vestido-2\" data-e-action-hash=\"#elementor-action%3Aaction%3Dlightbox%26settings%3DeyJpZCI6NzIyLCJ1cmwiOiJodHRwczpcL1wvc3RlbGxhc2lkaS5jb20uYXJcL3dwLWNvbnRlbnRcL3VwbG9hZHNcLzIwMjNcLzExXC92ZXN0aWRvLTIud2VicCIsInNsaWRlc2hvdyI6IjRhOWEwNGQifQ%3D%3D\">\n\t\t\t\t\t<div class=\"e-gallery-image elementor-gallery-item__image\" data-thumbnail=\"https:\/\/stellasidi.com.ar\/wp-content\/uploads\/2023\/11\/vestido-2.webp\" data-width=\"1200\" data-height=\"1200\" aria-label=\"\" role=\"img\" ><\/div>\n\t\t\t\t\t\t\t\t\t\t\t<div class=\"elementor-gallery-item__overlay\"><\/div>\n\t\t\t\t\t\t\t\t\t\t\t\t\t\t<\/a>\n\t\t\t\t\t<\/div>\n\t\t\t\t\t<\/div>\n\t\t\t\t<\/div>\n\t\t\t\t<div class=\"elementor-element elementor-element-3e6df73 elementor-widget elementor-widget-spacer\" data-id=\"3e6df73\" data-element_type=\"widget\" data-e-type=\"widget\" data-widget_type=\"spacer.default\">\n\t\t\t\t<div class=\"elementor-widget-container\">\n\t\t\t\t\t\t\t<div class=\"elementor-spacer\">\n\t\t\t<div class=\"elementor-spacer-inner\"><\/div>\n\t\t<\/div>\n\t\t\t\t\t\t<\/div>\n\t\t\t\t<\/div>\n\t\t\t\t\t<\/div>\n\t\t\t\t<\/div>\n\t\t<div class=\"elementor-element elementor-element-341bed7 e-con-full e-flex e-con e-parent\" data-id=\"341bed7\" data-element_type=\"container\" data-e-type=\"container\">\n\t\t<div class=\"elementor-element elementor-element-f0a248a e-con-full e-flex e-con e-child\" data-id=\"f0a248a\" data-element_type=\"container\" data-e-type=\"container\">\n\t\t\t\t<div class=\"elementor-element elementor-element-f3c3edc elementor-widget elementor-widget-image\" data-id=\"f3c3edc\" data-element_type=\"widget\" data-e-type=\"widget\" data-widget_type=\"image.default\">\n\t\t\t\t<div class=\"elementor-widget-container\">\n\t\t\t\t\t\t\t\t\t\t\t\t\t\t\t<img loading=\"lazy\" decoding=\"async\" width=\"1236\" height=\"928\" src=\"https:\/\/stellasidi.com.ar\/wp-content\/uploads\/2023\/11\/IMG_20180123_082301097.jpg\" class=\"attachment-full size-full wp-image-726\" alt=\"\" srcset=\"https:\/\/stellasidi.com.ar\/wp-content\/uploads\/2023\/11\/IMG_20180123_082301097.jpg 1236w, https:\/\/stellasidi.com.ar\/wp-content\/uploads\/2023\/11\/IMG_20180123_082301097-300x225.jpg 300w, https:\/\/stellasidi.com.ar\/wp-content\/uploads\/2023\/11\/IMG_20180123_082301097-1024x769.jpg 1024w, https:\/\/stellasidi.com.ar\/wp-content\/uploads\/2023\/11\/IMG_20180123_082301097-768x577.jpg 768w\" sizes=\"(max-width: 1236px) 100vw, 1236px\" \/>\t\t\t\t\t\t\t\t\t\t\t\t\t\t\t<\/div>\n\t\t\t\t<\/div>\n\t\t\t\t<\/div>\n\t\t<div class=\"elementor-element elementor-element-1583a1a e-con-full e-flex e-con e-child\" data-id=\"1583a1a\" data-element_type=\"container\" data-e-type=\"container\">\n\t\t\t\t<div class=\"elementor-element elementor-element-33cb098 elementor-widget elementor-widget-image\" data-id=\"33cb098\" data-element_type=\"widget\" data-e-type=\"widget\" data-widget_type=\"image.default\">\n\t\t\t\t<div class=\"elementor-widget-container\">\n\t\t\t\t\t\t\t\t\t\t\t\t\t\t\t<img loading=\"lazy\" decoding=\"async\" width=\"1024\" height=\"889\" src=\"https:\/\/stellasidi.com.ar\/wp-content\/uploads\/2023\/11\/stella-libro-artista-1024x889.webp\" class=\"attachment-large size-large wp-image-727\" alt=\"\" srcset=\"https:\/\/stellasidi.com.ar\/wp-content\/uploads\/2023\/11\/stella-libro-artista-1024x889.webp 1024w, https:\/\/stellasidi.com.ar\/wp-content\/uploads\/2023\/11\/stella-libro-artista-300x260.webp 300w, https:\/\/stellasidi.com.ar\/wp-content\/uploads\/2023\/11\/stella-libro-artista-768x667.webp 768w, https:\/\/stellasidi.com.ar\/wp-content\/uploads\/2023\/11\/stella-libro-artista.webp 1280w\" sizes=\"(max-width: 1024px) 100vw, 1024px\" \/>\t\t\t\t\t\t\t\t\t\t\t\t\t\t\t<\/div>\n\t\t\t\t<\/div>\n\t\t\t\t<\/div>\n\t\t\t\t<\/div>\n\t\t<div class=\"elementor-element elementor-element-aaed18a e-con-full e-flex e-con e-parent\" data-id=\"aaed18a\" data-element_type=\"container\" data-e-type=\"container\">\n\t\t<div class=\"elementor-element elementor-element-eca67aa e-con-full e-flex e-con e-child\" data-id=\"eca67aa\" data-element_type=\"container\" data-e-type=\"container\">\n\t\t\t\t<div class=\"elementor-element elementor-element-b91345f elementor-widget elementor-widget-image\" data-id=\"b91345f\" data-element_type=\"widget\" data-e-type=\"widget\" data-widget_type=\"image.default\">\n\t\t\t\t<div class=\"elementor-widget-container\">\n\t\t\t\t\t\t\t\t\t\t\t\t\t\t\t\t<a href=\"http:\/\/www.stellasidi.com.ar\/sidi.pdf\">\n\t\t\t\t\t\t\t<img loading=\"lazy\" decoding=\"async\" width=\"288\" height=\"395\" src=\"https:\/\/stellasidi.com.ar\/wp-content\/uploads\/2023\/11\/sidi-1.webp\" class=\"attachment-full size-full wp-image-735\" alt=\"\" srcset=\"https:\/\/stellasidi.com.ar\/wp-content\/uploads\/2023\/11\/sidi-1.webp 288w, https:\/\/stellasidi.com.ar\/wp-content\/uploads\/2023\/11\/sidi-1-219x300.webp 219w\" sizes=\"(max-width: 288px) 100vw, 288px\" \/>\t\t\t\t\t\t\t\t<\/a>\n\t\t\t\t\t\t\t\t\t\t\t\t\t\t\t<\/div>\n\t\t\t\t<\/div>\n\t\t\t\t<div class=\"elementor-element elementor-element-37f4f82 elementor-widget elementor-widget-text-editor\" data-id=\"37f4f82\" data-element_type=\"widget\" data-e-type=\"widget\" data-widget_type=\"text-editor.default\">\n\t\t\t\t<div class=\"elementor-widget-container\">\n\t\t\t\t\t\t\t\t\t<p><a href=\"http:\/\/www.stellasidi.com.ar\/sidi.pdf\">Cat\u00e1logo &#8211; Libro &#8211; click para ver<\/a><\/p>\t\t\t\t\t\t\t\t<\/div>\n\t\t\t\t<\/div>\n\t\t\t\t<\/div>\n\t\t<div class=\"elementor-element elementor-element-88db699 e-con-full e-flex e-con e-child\" data-id=\"88db699\" data-element_type=\"container\" data-e-type=\"container\">\n\t\t\t\t<div class=\"elementor-element elementor-element-02bbb7e elementor-widget elementor-widget-image\" data-id=\"02bbb7e\" data-element_type=\"widget\" data-e-type=\"widget\" data-widget_type=\"image.default\">\n\t\t\t\t<div class=\"elementor-widget-container\">\n\t\t\t\t\t\t\t\t\t\t\t\t\t\t\t<img loading=\"lazy\" decoding=\"async\" width=\"1000\" height=\"1000\" src=\"https:\/\/stellasidi.com.ar\/wp-content\/uploads\/2023\/11\/Catalogo_2015-1.webp\" class=\"attachment-large size-large wp-image-736\" alt=\"\" srcset=\"https:\/\/stellasidi.com.ar\/wp-content\/uploads\/2023\/11\/Catalogo_2015-1.webp 1000w, https:\/\/stellasidi.com.ar\/wp-content\/uploads\/2023\/11\/Catalogo_2015-1-300x300.webp 300w, https:\/\/stellasidi.com.ar\/wp-content\/uploads\/2023\/11\/Catalogo_2015-1-150x150.webp 150w, https:\/\/stellasidi.com.ar\/wp-content\/uploads\/2023\/11\/Catalogo_2015-1-768x768.webp 768w\" sizes=\"(max-width: 1000px) 100vw, 1000px\" \/>\t\t\t\t\t\t\t\t\t\t\t\t\t\t\t<\/div>\n\t\t\t\t<\/div>\n\t\t\t\t<\/div>\n\t\t\t\t<\/div>\n\t\t\t\t<\/div>\n\t\t","protected":false},"excerpt":{"rendered":"<p>algunas de las \u00faltimas muestras CAT\u00c1LOGO ON LINE V Mini Print Internacional Cantabria 2022 Cat\u00e1logo &#8211; Libro &#8211; click para ver<\/p>\n","protected":false},"author":1,"featured_media":0,"parent":0,"menu_order":0,"comment_status":"closed","ping_status":"closed","template":"elementor_header_footer","meta":{"site-sidebar-layout":"no-sidebar","site-content-layout":"","ast-site-content-layout":"full-width-container","site-content-style":"default","site-sidebar-style":"default","ast-global-header-display":"","ast-banner-title-visibility":"","ast-main-header-display":"","ast-hfb-above-header-display":"","ast-hfb-below-header-display":"","ast-hfb-mobile-header-display":"","site-post-title":"disabled","ast-breadcrumbs-content":"","ast-featured-img":"disabled","footer-sml-layout":"","ast-disable-related-posts":"","theme-transparent-header-meta":"","adv-header-id-meta":"","stick-header-meta":"","header-above-stick-meta":"","header-main-stick-meta":"","header-below-stick-meta":"","astra-migrate-meta-layouts":"default","ast-page-background-enabled":"default","ast-page-background-meta":{"desktop":{"background-color":"var(--ast-global-color-4)","background-image":"","background-repeat":"repeat","background-position":"center center","background-size":"auto","background-attachment":"scroll","background-type":"","background-media":"","overlay-type":"","overlay-color":"","overlay-opacity":"","overlay-gradient":""},"tablet":{"background-color":"","background-image":"","background-repeat":"repeat","background-position":"center center","background-size":"auto","background-attachment":"scroll","background-type":"","background-media":"","overlay-type":"","overlay-color":"","overlay-opacity":"","overlay-gradient":""},"mobile":{"background-color":"","background-image":"","background-repeat":"repeat","background-position":"center center","background-size":"auto","background-attachment":"scroll","background-type":"","background-media":"","overlay-type":"","overlay-color":"","overlay-opacity":"","overlay-gradient":""}},"ast-content-background-meta":{"desktop":{"background-color":"var(--ast-global-color-5)","background-image":"","background-repeat":"repeat","background-position":"center center","background-size":"auto","background-attachment":"scroll","background-type":"","background-media":"","overlay-type":"","overlay-color":"","overlay-opacity":"","overlay-gradient":""},"tablet":{"background-color":"var(--ast-global-color-5)","background-image":"","background-repeat":"repeat","background-position":"center center","background-size":"auto","background-attachment":"scroll","background-type":"","background-media":"","overlay-type":"","overlay-color":"","overlay-opacity":"","overlay-gradient":""},"mobile":{"background-color":"var(--ast-global-color-5)","background-image":"","background-repeat":"repeat","background-position":"center center","background-size":"auto","background-attachment":"scroll","background-type":"","background-media":"","overlay-type":"","overlay-color":"","overlay-opacity":"","overlay-gradient":""}},"footnotes":""},"class_list":["post-75","page","type-page","status-publish","hentry"],"jetpack_sharing_enabled":true,"_links":{"self":[{"href":"https:\/\/stellasidi.com.ar\/index.php\/wp-json\/wp\/v2\/pages\/75","targetHints":{"allow":["GET"]}}],"collection":[{"href":"https:\/\/stellasidi.com.ar\/index.php\/wp-json\/wp\/v2\/pages"}],"about":[{"href":"https:\/\/stellasidi.com.ar\/index.php\/wp-json\/wp\/v2\/types\/page"}],"author":[{"embeddable":true,"href":"https:\/\/stellasidi.com.ar\/index.php\/wp-json\/wp\/v2\/users\/1"}],"replies":[{"embeddable":true,"href":"https:\/\/stellasidi.com.ar\/index.php\/wp-json\/wp\/v2\/comments?post=75"}],"version-history":[{"count":28,"href":"https:\/\/stellasidi.com.ar\/index.php\/wp-json\/wp\/v2\/pages\/75\/revisions"}],"predecessor-version":[{"id":742,"href":"https:\/\/stellasidi.com.ar\/index.php\/wp-json\/wp\/v2\/pages\/75\/revisions\/742"}],"wp:attachment":[{"href":"https:\/\/stellasidi.com.ar\/index.php\/wp-json\/wp\/v2\/media?parent=75"}],"curies":[{"name":"wp","href":"https:\/\/api.w.org\/{rel}","templated":true}]}}